hest common factor of 3580776 and 699624?
2952
Calculate the highest common divisor of 7124070 and 219.
219
Calculate the highest common divisor of 269500908 and 472.
236
Calculate the highest common factor of 123901622 and 494.
494
Calculate the highest common divisor of 1954 and 41017391.
977
What is the greatest common divisor of 33716887 and 65295?
1451
Calculate the greatest common factor of 41360 and 148280.
440
Calculate the highest common factor of 8500104 and 162.
18
Calculate the highest common divisor of 37832 and 6296.
8
Calculate the highest common factor of 16753 and 24178.
11
What is the greatest common factor of 15535 and 62010?
65
Calculate the highest common divisor of 1700864 and 3200.
128
Calculate the greatest common divisor of 46830206 and 1054.
34
What is the greatest common factor of 608 and 48617048?
152
What is the highest common divisor of 108114672 and 48?
48
What is the highest common divisor of 4677544 and 16?
8
What is the highest common divisor of 13831142 and 46460?
4646
Calculate the highest common factor of 281 and 65609.
1
Calculate the greatest common factor of 5337696 and 532.
28
Calculate the greatest common factor of 5852 and 233134.
22
What is the highest common divisor of 3135 and 547283?
11
Calculate the greatest common divisor of 7512668 and 564.
188
What is the highest common divisor of 61069 and 3008972?
353
What is the highest common divisor of 3128785 and 1304?
163
Calculate the highest common divisor of 243 and 796347.
9
Calculate the greatest common divisor of 2179689 and 459.
51
What is the greatest common factor of 5392 and 5241698?
674
Calculate the highest common factor of 120160206 and 1772.
886
What is the greatest common factor of 6993 and 1266763302?
2331
Calculate the greatest common divisor of 16648674 and 1178.
1178
Calculate the greatest common factor of 18285 and 250815.
345
Calculate the highest common divisor of 3074123 and 2002.
13
What is the highest common divisor of 62381 and 1007?
53
Calculate the highest common factor of 165770065 and 4228.
151
Calculate the greatest common factor of 29920 and 5786715.
935
Calculate the highest common divisor of 138 and 74026121.
23
Calculate the greatest common divisor of 196 and 268427404.
28
What is the highest common factor of 418350 and 700?
50
What is the highest common factor of 165097 and 10237?
29
Calculate the highest common divisor of 82458010 and 1660.
830
Calculate the greatest common divisor of 637 and 3433724.
49
Calculate the highest common factor of 1488 and 350735829.
93
Calculate the highest common factor of 24055407 and 135.
27
What is the greatest common factor of 161155568 and 196?
28
Calculate the highest common divisor of 560 and 39513600.
560
Calculate the greatest common divisor of 14061244 and 1564.
68
Calculate the greatest common factor of 9750 and 295178.
26
What is the greatest common factor of 2012 and 77815106?
1006
Calculate the greatest common factor of 52359236 and 17216.
1076
What is the greatest common divisor of 6678 and 148246?
14
What is the highest common divisor of 1149 and 59253?
3
What is the highest common divisor of 1096 and 41090958?
274
What is the greatest common factor of 59328 and 2250?
18
What is the greatest common divisor of 1326 and 24342?
6
What is the greatest common divisor of 1718176 and 32?
32
Calculate the greatest common divisor of 193658 and 36704.
74
Calculate the greatest common factor of 6960641 and 39906.
739
What is the highest common factor of 161064 and 9162?
18
Calculate the greatest common factor of 475428 and 11892.
12
What is the highest common factor of 1472 and 607997456?
368
Calculate the highest common divisor of 3042762 and 12903.
1173
What is the greatest common factor of 44957030 and 1630?
1630
What is the highest common factor of 34912 and 2480800?
32
What is the greatest common divisor of 10792095 and 74005?
1805
What is the greatest common divisor of 4116647 and 993?
331
What is the highest common divisor of 371 and 45956989?
53
What is the greatest common factor of 8 and 118408?
8
Calculate the greatest common divisor of 7041540 and 47.
47
Calculate the highest common factor of 30530 and 88750.
710
Calculate the highest common factor of 316074379 and 1138.
569
What is the highest common divisor of 1701865 and 1512379?
3509
What is the highest common factor of 1739595 and 9075?
165
Calculate the greatest common factor of 91321 and 333935.
1363
Calculate the greatest common divisor of 18729 and 27683543.
2081
What is the greatest common divisor of 12757673 and 5212?
1303
Calculate the highest common divisor of 5430 and 781089210.
5430
What is the highest common factor of 63 and 5376933?
9
What is the greatest common divisor of 750 and 33856200?
150
Calculate the highest common factor of 1761254 and 232991.
3949
Calculate the greatest common divisor of 1540128 and 427.
61
What is the highest common factor of 15481 and 134131?
113
Calculate the highest common divisor of 3498473 and 11.
11
Calculate the highest common divisor of 57 and 9753711.
3
What is the greatest common factor of 59112 and 4535204?
3284
What is the highest common factor of 387 and 3047926?
43
What is the greatest common divisor of 45927 and 19299?
21
Calculate the highest common factor of 6912514 and 5250.
14
What is the highest common factor of 14029230 and 750?
30
What is the highest common divisor of 403073832 and 840?
168
Calculate the greatest common divisor of 16740 and 35149040.
620
Calculate the highest common factor of 2444 and 2212290.
94
What is the greatest common factor of 14508 and 465894?
234
What is the highest common factor of 1234 and 20777475?
617
What is the highest common divisor of 1800 and 61507400?
200
What is the greatest common factor of 54 and 477927144?
18
Calculate the greatest common factor of 50034 and 4297840.
62
Calculate the greatest common divisor of 17995797 and 1107.
27
Calculate the greatest common factor of 37 and 732778451.
37
What is the greatest common divisor of 685 and 2067878?
137
Calculate the greatest common factor of 136 and 16321360.
136
What is the highest common factor of 545776 and 1148?
28
What is the highest common factor of 150 and 73318950?
150
What is the greatest common factor of 285257642 and 518?
74
What is the highest common divisor of 3759522 and 314?
314
Calculate the greatest common divisor of 554120437 and 1703.
1703
Calculate the highest common factor of 10739122 and 4.
2
Calculate the highest common divisor of 38468989 and 26.
13
What is the greatest common divisor of 788 and 447581636?
788
What is the greatest common divisor of 2289267 and 81699?
339
Calculate the greatest common factor of 141 and 317965763.
47
What is the highest common factor of 1314 and 283167?
657
What is the greatest common factor of 3 and 420843?
3
Calculate the highest common factor of 88055424 and 128.
128
What is the highest common factor of 21945199 and 1766?
883
Calculate the highest common factor of 161 and 331226.
7
What is the greatest common divisor of 27 and 147422664?
9
What is the greatest common factor of 6447 and 15670508?
2149
Calculate the highest common divisor of 1116424 and 317288.
136
What is the highest common divisor of 27650233 and 26?
13
Calculate the highest common factor of 648908 and 35620.
52
What is the greatest common divisor of 454531 and 16401?
77
What is the highest common factor of 830722 and 3127?
53
What is the highest common factor of 45297 and 24117417?
6471
Calculate the highest common divisor of 25070087 and 17.
17
Calculate the greatest common divisor of 768910771 and 4162.
2081
What is the highest common factor of 18 and 347550588?
18
Calculate the greatest common divisor of 461 and 10998999.
461
Calculate the highest common divisor of 330 and 2926726.
22
What is the highest common factor of 56952 and 505176?
168
Calculate the greatest common divisor of 53056 and 287052856.
6632
Calculate the greatest common divisor of 10560 and 48990040.
440
What is the greatest common factor of 10233 and 19482495?
1137
What is the highest common factor of 45071232 and 48?
48
What is the greatest common divisor of 18445 and 200340?
35
Calculate the greatest common factor of 631329100 and 20.
20
Calculate the greatest com